 978.
2, 3, 163
What are the prime factors of 71?
71
What are the prime factors of 2052?
2, 3, 19
List the prime factors of 3381.
3, 7, 23
List the prime factors of 12693.
3, 4231
List the prime factors of 2322.
2, 3, 43
What are the prime factors of 1795?
5, 359
List the prime factors of 11399.
11399
List the prime factors of 75589.
269, 281
What are the prime factors of 6429?
3, 2143
What are the prime factors of 265?
5, 53
What are the prime factors of 75872?
2, 2371
List the prime factors of 2708.
2, 677
What are the prime factors of 3685?
5, 11, 67
List the prime factors of 1402.
2, 701
What are the prime factors of 1553?
1553
What are the prime factors of 11386?
2, 5693
List the prime factors of 1458.
2, 3
List the prime factors of 4808.
2, 601
List the prime factors of 700.
2, 5, 7
What are the prime factors of 955?
5, 191
List the prime factors of 1947.
3, 11, 59
List the prime factors of 5683.
5683
List the prime factors of 533.
13, 41
What are the prime factors of 4475?
5, 179
What are the prime factors of 82160?
2, 5, 13, 79
What are the prime factors of 7284?
2, 3, 607
What are the prime factors of 38972?
2, 9743
List the prime factors of 52535.
5, 7, 19, 79
List the prime factors of 1370.
2, 5, 137
What are the prime factors of 1001?
7, 11, 13
List the prime factors of 795.
3, 5, 53
What are the prime factors of 28554?
2, 3, 4759
List the prime factors of 50543.
50543
List the prime factors of 2692.
2, 673
List the prime factors of 39364.
2, 13, 757
List the prime factors of 3642.
2, 3, 607
List the prime factors of 28329.
3, 7, 19, 71
List the prime factors of 9781.
9781
What are the prime factors of 1608?
2, 3, 67
List the prime factors of 8793.
3, 977
What are the prime factors of 1325?
5, 53
List the prime factors of 12187.
7, 1741
What are the prime factors of 20287?
20287
What are the prime factors of 42075?
3, 5, 11, 17
List the prime factors of 40938.
2, 3, 6823
List the prime factors of 1427.
1427
List the prime factors of 1053.
3, 13
List the prime factors of 3097.
19, 163
What are the prime factors of 23611?
7, 3373
What are the prime factors of 2782?
2, 13, 107
List the prime factors of 15904.
2, 7, 71
List the prime factors of 98647.
23, 4289
What are the prime factors of 597?
3, 199
What are the prime factors of 24796?
2, 6199
What are the prime factors of 3496?
2, 19, 23
List the prime factors of 51866.
2, 25933
What are the prime factors of 43550?
2, 5, 13, 67
List the prime factors of 14102.
2, 11, 641
List the prime factors of 825.
3, 5, 11
What are the prime factors of 2084?
2, 521
List the prime factors of 73933.
17, 4349
List the prime factors of 1562.
2, 11, 71
What are the prime factors of 13621?
53, 257
What are the prime factors of 565?
5, 113
List the prime factors of 2567.
17, 151
List the prime factors of 12670.
2, 5, 7, 181
List the prime factors of 49390.
2, 5, 11, 449
What are the prime factors of 2346?
2, 3, 17, 23
List the prime factors of 7003.
47, 149
What are the prime factors of 2130?
2, 3, 5, 71
List the prime factors of 1559.
1559
List the prime factors of 61638.
2, 3, 10273
What are the prime factors of 37656?
2, 3, 523
What are the prime factors of 630?
2, 3, 5, 7
What are the prime factors of 1607?
1607
What are the prime factors of 1646?
2, 823
What are the prime factors of 41311?
109, 379
List the prime factors of 10024.
2, 7, 179
List the prime factors of 184.
2, 23
What are the prime factors of 5662?
2, 19, 149
What are the prime factors of 282?
2, 3, 47
List the prime factors of 68700.
2, 3, 5, 229
What are the prime factors of 5777?
53, 109
What are the prime factors of 90485?
5, 18097
List the prime factors of 5289.
3, 41, 43
List the prime factors of 246.
2, 3, 41
What are the prime factors of 487?
487
List the prime factors of 21681.
3, 11, 73
List the prime factors of 11194.
2, 29, 193
What are the prime factors of 673?
673
List the prime factors of 104380.
2, 5, 17, 307
What are the prime factors of 125910?
2, 3, 5, 1399
What are the prime factors of 52523?
53, 991
List the prime factors of 87313.
87313
What are the prime factors of 584?
2, 73
List the prime factors of 78792.
2, 3, 7, 67
What are the prime factors of 91320?
2, 3, 5, 761
List the prime factors of 11337.
3, 3779
List the prime factors of 998.
2, 499
List the prime factors of 26302.
2, 13151
List the prime factors of 59833.
59833
List the prime factors of 3528.
2, 3, 7
List the prime factors of 84756.
2, 3, 7, 1009
List the prime factors of 2020.
2, 5, 101
What are the prime factors of 1162?
2, 7, 83
List the prime factors of 952.
2, 7, 17
List the prime factors of 163303.
7, 41, 569
List the prime factors of 171.
3, 19
What are the prime factors of 226?
2, 113
List the prime factors of 20845.
5, 11, 379
List the prime factors of 180.
2, 3, 5
List the prime factors of 781.
11, 71
What are the prime factors of 446?
2, 223
List the prime factors of 819.
3, 7, 13
List the prime factors of 656.
2, 41
List the prime factors of 1181.
1181
What are the prime factors of 69?
3, 23
What are the prime factors of 873?
3, 97
List the prime factors of 4874.
2, 2437
List the prime factors of 355.
5, 71
List the prime factors of 33861.
3, 11287
What are the prime factors of 2214?
2, 3, 41
List the prime factors of 42932.
2, 10733
What are the prime factors of 26761?
7, 3823
List the prime factors of 81217.
241, 337
List the prime factors of 56329.
7, 13, 619
List the prime factors of 34083.
3, 7, 541
What are the prime factors of 2426?
2, 1213
List the prime factors of 12107.
12107
List the prime factors of 2065.
5, 7, 59
What are the prime factors of 57325?
5, 2293
List the prime factors of 267.
3, 89
What are the prime factors of 73589?
73589
List the prime factors of 15679.
15679
List the prime factors of 9070.
2, 5, 907
List the prime factors of 106.
2, 53
List the prime factors of 13134.
2, 3, 11, 199
List the prime factors of 1825.
5, 73
List the prime factors of 30671.
30671
What are the prime factors of 3314?
2, 1657
List the prime factors of 1665.
3, 5, 37
What are the prime factors of 137084?
2, 43, 797
List the prime factors of 1478.
2, 739
List the prime factors of 3507.
3, 7, 167
List the prime factors of 90926.
2, 11, 4133
List the prime factors of 5867.
5867
What are the prime factors of 356?
2, 89
List the prime factors of 1040.
2, 5, 13
List the prime factors of 4023.
3, 149
What are the prime factors of 39789?
3, 4421
What are the prime factors of 92537?
37, 41, 61
What are the prime factors of 1392?
2, 3, 29
What are the prime factors of 1121?
19, 59
List the prime factors of 2344.
2, 293
List the prime factors of 5200.
2, 5, 13
What are the prime factors of 1687?
7, 241
What are the prime factors of 128092?
2, 31, 1033
List the prime factors of 125706.
2, 3, 7, 41, 73
List the prime factors of 19428.
2, 3, 1619
List the prime factors of 192625.
5, 23, 67
List the prime factors of 14849.
31, 479
List the prime factors of 785.
5, 157
What are the prime factors of 941?
941
What are the prime factors of 794?
2, 397
List the prime factors of 122350.
2, 5, 2447
List the prime factors of 524.
2, 131
What are the prime factors of 920?
2, 5, 23
List the prime factors of 970.
2, 5, 97
List the prime factors of 1551.
3, 11, 47
List the prime factors of 149598.
2, 3, 8311
List the prime factors of 11987.
11987
List the prime factors of 86624.
2, 2707
List the prime factors of 8531.
19, 449
What are the prime factors of 22184?
2, 47, 59
What are the prime factors of 7278?
2, 3, 1213
What are the prime factors of 3154?
2, 19, 83
List the prime factors of 16783.
13, 1291
List the prime factors of 31331.
17, 19, 97
What are the prime factors of 30650?
2, 5, 613
List the prime factors of 43573.
43573
List the prime factors of 953.
953
List the prime factors of 11071.
11071
What are the prime factors of 1624?
2, 7, 29
List the prime factors of 5985.
3, 5, 7, 19
List the prime factors of 25905.
3, 5, 11, 157
What are the prime factors of 793?
13, 61
List the prime factors of 11493.
3, 1277
List the prime factors of 15581.
15581
List the prime factors of 404.
2, 101
What are the prime factors of 546?
2, 3, 7, 13
List the prime factors of 41588.
2, 37, 281
What are the prime factors of 575?
5, 23
What are the prime factors of 